the tens digit of ((-32)/(-12) - 1)*f?
8
Suppose -5*p + 17454 = -2*n, 407*p + 3489 = 408*p - n. What is the thousands digit of p?
3
Let d be (-13 - -3)*-8 - 2. Let x be (-34)/3*d/4*-1. Suppose 0 = 6*h - 157 - x. What is the tens digit of h?
6
Let s be 2/4 + (-3 - 596/(-8)). What is the units digit of 900/(-16)*s/(-27)?
0
Let p = 1911 - 1918. Let q(f) = 2*f + 11 - 7 + 13. What is the units digit of q(p)?
3
Suppose -20*u + 15 = -15*u. Suppose 6*b - 2770 = b - 5*l, u*b - 1662 = -5*l. What is the units digit of b?
4
Suppose d + 4*t - 300 = 0, -5*d - 5*t + 1572 = -3*t. Let c = d + -150. What is the tens digit of c?
6
Let s be ((-3)/(12/4 + 0))/(-1). What is the units digit of (-2028)/((-40)/10)*s/3?
9
Suppose 0 = -u - h - 3, 3 = 4*u - h + 2*h. Let z be 28/13 - (41/13 + -3). Suppose 0 = -y, -u*c = z*c + 2*y - 516. What is the tens digit of c?
2
Let g(a) = 5*a - 15. Let w be g(4). Suppose -4*c + 2*c + 4*z = 2, 5*c + w*z = 40. Suppose -4*v = 2*y - 3*v - 209, c*v = 5*y - 515. What is the tens digit of y?
0
Let z = 780 - 777. What is the thousands digit of (-5 - -2456)/(8/(16/z))?
1
Let l = 737 + -589. Let m = l + 1294. What is the thousands digit of m?
1
Suppose f - 5*u = -128, u = -f + 29 - 187. Let z = f + 391. What is the tens digit of z?
3
Let d = -9115 - -29085. What is the ten thousands digit of d?
1
Let n(o) = o**3 - 21*o**2 - 13*o + 31. Let x be n(12). Let g = x + 2149. What is the units digit of g?
8
Let s be (46/(-8) - -6) + (-652)/(-16). Suppose s*z - 1156 = 24*z. What is the units digit of z?
8
Let m be 8 + 17099 - 8 - 7. Suppose 2628 = -8*h + m. What is the tens digit of h?
0
Suppose 17*g - 13*g - 290895 = -g. What is the ten thousands digit of g?
5
Suppose -j + 2 = 7, -5*o - 4*j = -5. Suppose 7*f = o*f + 2058. What is the tens digit of f?
2
Let l(f) = -20*f**2 - 19*f - 4. Let u be l(-2). What is the tens digit of 4/u - (6 + (-624386)/322)?
3
Let b(r) = 292*r + 357. What is the units digit of b(10)?
7
Let r(t) = 2*t**2 + 4*t + 6. Let n be r(-2). Suppose 2*j - n = 10. Suppose -40 = -j*l + 7*l. What is the units digit of l?
0
Let k be (-3 - (-6 - -3)) + -2. Let y(o) = o - 17*o**3 + 3*o**2 + 5*o**2 - 23 - 5*o**2 + 24. What is the hundreds digit of y(k)?
1
Let z(x) = 4*x**2 + 16*x - 81. Let t(s) = 11*s**2 + 47*s - 241. Let q(g) = -2*t(g) + 7*z(g). What is the hundreds digit of q(-16)?
1
Let l(b) = -367*b + 1429. What is the hundreds digit of l(-23)?
8
Let o(a) = 61*a - 113 + 40 + 38. What is the units digit of o(10)?
5
Let a(o) = -77*o - 35*o + 43*o - 54*o + 31. What is the hundreds digit of a(-4)?
5
Let l = -6089 + 9858. What is the tens digit of l?
6
Let o(m) = -m**2 + 334*m - 5853. What is the ten thousands digit of o(139)?
2
Let k(w) = 5*w**2 + 16*w + 80. Suppose 33 + 7 = -4*n. What is the units digit of k(n)?
0
Suppose -5*r = -z - 4*z - 10, -3*z - 6 = 2*r. Suppose r = -6*g + 4434 - 0. What is the tens digit of g?
3
Suppose 15075 = 3*k - 3*g, 0 = -5*k - 4*g + 12059 + 13111. Suppose 20*b = 2690 + k. What is the hundreds digit of b?
3
Let d = -5397 + 19161. What is the thousands digit of d?
3
What is the thousands digit of 27682*(-2)/4*(-20)/20?
3
Let s(x) = 1041*x**2 - 14*x - 7. What is the units digit of s(-4)?
5
Let v(d) = 37*d**3 + d**2 + 5*d. Let g be v(3). Let o = g - 577. What is the tens digit of o?
4
What is the hundreds digit of 83051/3 + 23/(-3) + (31 - 23)?
6
Let g be 1 + 462/(-15) + 1/(-5). Let s = g - -38. Suppose 4*r - 2*h - 324 = 0, -2*h + s = 4. What is the units digit of r?
2
Suppose 0 = 4*x + n - 3*n - 48, 3*x - 5*n = 50. Suppose x*p + 0*p = 1740. Let q = 91 + p. What is the hundreds digit of q?
2
Suppose 13*m - 14*m = -6412. Suppose -m = -10*s - 4*s. What is the hundreds digit of s?
4
What is the thousands digit of -15*32/(-144)*182076/10?
0
Let g = 334 - 245. Let h = 481 - g. What is the tens digit of h?
9
Suppose -7*z + 18 - 4 = 0. Suppose 0 = z*s + b - 157, 4*s + 0*s - 4*b - 320 = 0. What is the tens digit of s?
7
Let c(p) = -15*p + 2030. Let a be c(0). Suppose -5*z - 9*z + a = 0. What is the tens digit of z?
4
Suppose l = -2*q - 13 + 62, -l = -4*q - 19. Suppose -3*r + 5*w + 1996 = 0, -2*r - l*w + 38*w = -1335. What is the hundreds digit of r?
6
Suppose 3*b = -5*i + 198794, 407*i - 411*i + 3*b + 158992 = 0. What is the ten thousands digit of i?
3
Let g be 184/16*526 - -6. Suppose -22*x + 29*x = g. What is the units digit of x?
5
What is the thousands digit of (176/44 + -9)*2042/(-2)?
5
Let n = -152 + 156. Suppose -3*k - n*b = -1452, -4*k + 1914 = -2*b - 0*b. What is the units digit of k?
0
Suppose 6*b + 5*j + 3499 = 10*b, -4*j + 4343 = 5*b. What is the tens digit of b?
7
Suppose 76 = 4*p + 292. Let k = -52 - p. What is the units digit of (-200)/(-16) + k/4?
3
Let i(z) = -795*z - 550. What is the hundreds digit of i(-12)?
9
Let g(u) = 19*u**2 - 55*u + 5022. What is the tens digit of g(46)?
9
What is the tens digit of (3311 - (7 + -1)) + 7/1?
1
Let a be 4*(102/8 - 3). Let x = -42 + a. What is the tens digit of (-110)/(-5) - 1*x?
2
Let c(l) = 3*l**3 - l**2 + 2*l + 2. Let j = 101 - 96. What is the hundreds digit of c(j)?
3
Let b(p) = 2*p**3 - 92*p**2 + 5*p - 246. What is the thousands digit of b(52)?
2
Let t(k) = -43*k**2 - 3*k + 3. Suppose -5 = -0*i - 5*i. Let v be t(i). Let p = 69 - v. What is the tens digit of p?
1
Suppose 0 = 20*p - 24*p + 8. Suppose -6*f + p*d = -2*f - 1844, -2*d + 4 = 0. Suppose -735 = -3*w + 2*s, -5*w + f = -5*s - 763. What is the hundreds digit of w?
2
Let u(v) = -11*v**3 - 4*v**2 + v + 6. Let w be u(-3). Let z = -250 + w. What is the units digit of z?
4
Let a = 9 + -4. Suppose -10*s - 470 + 580 = 0. Suppose -4*p = 4*u - 88, -p - a*u = -s + 5. What is the units digit of p?
6
Suppose -3*o = 3*o - 30. Suppose -4*m = 4*s + 28, s = -o*m - 0*m - 43. Let q = 13 - m. What is the units digit of q?
2
What is the thousands digit of (-1577212)/(-20) - (70/(-25))/7?
8
Suppose g - 2 + 0 = 0. Suppose -g = 2*n + 2*o, 2*n + 6 = -3*o + 3. What is the tens digit of n + 3 + (175 + -3 - -4)?
7
Let v(z) = z**3 + 18*z**2 + 3*z + 59. Let x be v(-18). Suppose -t = x*w - 3014, 14*t - 11*t - 1216 = -2*w. What is the hundreds digit of w?
6
What is the tens digit of ((-187)/(-935) + 202/15)*6213?
1
Let v(o) = 10*o - 90. Let s(x) = x**2 + 17*x + 82. Let i be s(-11). What is the tens digit of v(i)?
7
Let s(i) = 4*i**2 - 31*i - 50. Let y be 19 + 2 + 9 + -14. What is the tens digit of s(y)?
7
Let s(b) = 12*b - 58. Suppose 16 = -9*f + 13*f. Let q be -2 + (26 - f) - 2. What is the tens digit of s(q)?
5
Let u = -16 + 72. Suppose 0 = 4*g - u - 40. What is the units digit of 8/g - (-130)/6?
2
Let s(t) = -3 + 3 - 9 + 8*t**2 + 1 + 3*t + t**3. What is the tens digit of s(-4)?
4
Suppose -4 = -2*f, 11*f = 4*x + 8*f - 38. Suppose 5*q - 4654 = 3*a, 3*q + 14*a - 2802 = x*a. What is the units digit of q?
2
Suppose -3*d + 5*h - 359 - 27 = 0, -5*d - 598 = 3*h. Let f = 705 + d. What is the hundreds digit of f?
5
Let g = -1676 + 2445. What is the units digit of g + 4 + 2*(-5 + 3)?
9
Let m = -362 + 776. Suppose -45*k + m = -42*k. What is the tens digit of k?
3
Let h = 88 + -79. What is the hundreds digit of 9/h - -94*4?
3
Suppose 69*z - 66*z = 27. Suppose z = 7*a - 10*a. What is the tens digit of 153 + a/(-6)*-2*2?
5
Let w(j) = 36*j**2 + 18*j + 9. What is the tens digit of w(9)?
8
What is the thousands digit of 128/40 + -4 - 13459/(-5)?
2
Let p(m) = -m**3 - 1. Let z(l) = 3*l**3 - 14*l**2 - 3*l + 20. Let k(j) = 4*p(j) + z(j). Suppose 4*c + 47 = -9. What is the units digit of k(c)?
8
Let j(h) = 39*h**2 + 14*h + 666. What is the units digit of j(-23)?
5
Suppose 147*r - 146*r = 5. Suppose 3*q = -3, -r*q + 630 = -0*g + 5*g. What is the tens digit of g?
2
Let b = 16 + 799. What is the units digit of 0/((-5)/(-15)*-3) + b?
5
Let n = -18085 - -26997. What is the tens digit of n?
1
Suppose 4*o + 229262 + 89042 = 20*o. What is the units digit of o?
4
Let a be 12/9 + (-47383)/21 + -3. Let v = -958 - a. What is the units digit of v?
0
Let c(t) be the third derivative of -85*t**4/12 - 38*t**3/3 + 4*t**2. What is the tens digit of c(-4)?
0
Let a be (-54)/4*56/(-6). Suppose -35*l - 740 = -13*l + 15*l. Let k = a + l. What is the hundreds digit of k?
1
Let z = 35 + -29. Suppose 3*g - z = -15. Let j(o) = -41*o + 8. What is the hundreds digit of j(g)?
1
Let p = 